rs of 678083408?
2, 2897, 14629
List the prime factors of 52333116.
2, 3, 11, 73, 5431
What are the prime factors of 38473339?
317, 121367
What are the prime factors of 117881383?
17, 883, 7853
List the prime factors of 2664994717.
7, 11, 439, 78839
What are the prime factors of 174653502?
2, 3, 197, 147761
What are the prime factors of 138339339?
3, 46113113
List the prime factors of 35224820.
2, 5, 673, 2617
What are the prime factors of 87500762?
2, 983, 44507
List the prime factors of 76622137.
293, 261509
List the prime factors of 2190470181.
3, 43, 83, 204583
What are the prime factors of 1369438735?
5, 7, 1193, 32797
List the prime factors of 248014226.
2, 967, 128239
What are the prime factors of 111996726?
2, 3, 18666121
List the prime factors of 38926027.
7, 5560861
What are the prime factors of 36341040?
2, 3, 5, 53, 2857
What are the prime factors of 69477828?
2, 3, 7, 673, 1229
What are the prime factors of 1012984730?
2, 5, 101298473
What are the prime factors of 41930972?
2, 31, 338153
List the prime factors of 273760736.
2, 173, 49451
List the prime factors of 55195480.
2, 5, 1379887
List the prime factors of 3180650152.
2, 1499, 265231
List the prime factors of 125948604.
2, 3, 71, 147827
What are the prime factors of 2164156777?
2164156777
List the prime factors of 4128756401.
7, 11, 1531, 35023
List the prime factors of 134251067.
53, 2533039
List the prime factors of 223139172.
2, 3, 18594931
List the prime factors of 998915596.
2, 7, 67, 617, 863
List the prime factors of 304748314.
2, 13, 61, 192149
What are the prime factors of 766881534?
2, 3, 19, 31, 217001
List the prime factors of 2206469815.
5, 11, 277, 144829
What are the prime factors of 156546447?
3, 577, 90437
List the prime factors of 839599969.
13, 64584613
What are the prime factors of 6702145095?
3, 5, 709, 630197
List the prime factors of 611195587.
79, 7736653
What are the prime factors of 51320302?
2, 11, 491, 4751
List the prime factors of 88251653.
7, 12607379
What are the prime factors of 8288864298?
2, 3, 11, 13, 43, 53, 157
List the prime factors of 282181319.
7, 23, 1752679
What are the prime factors of 141402387?
3, 7, 73, 13177
What are the prime factors of 1668211855?
5, 107, 3118153
What are the prime factors of 1633627512?
2, 3, 11, 17, 121333
What are the prime factors of 59452497?
3, 13, 269, 1889
List the prime factors of 2831620143.
3, 11, 101, 849571
List the prime factors of 1759825130.
2, 5, 7, 25140359
List the prime factors of 67754457.
3, 7528273
What are the prime factors of 1514406783?
3, 71, 367, 19373
List the prime factors of 2900744520.
2, 3, 5, 24172871
What are the prime factors of 600769573?
600769573
List the prime factors of 2817288167.
33871, 83177
What are the prime factors of 4160092564?
2, 349, 641, 4649
What are the prime factors of 183175874?
2, 7, 13083991
List the prime factors of 229421939.
229421939
List the prime factors of 4677906116.
2, 13, 17, 1171, 4519
What are the prime factors of 77203526?
2, 38601763
What are the prime factors of 110982454?
2, 11, 83, 60779
List the prime factors of 65845093.
65845093
List the prime factors of 79783176.
2, 3, 11, 17, 29, 613
List the prime factors of 21679704.
2, 3, 29, 3461
List the prime factors of 1664679131.
1664679131
List the prime factors of 12851789.
1831, 7019
What are the prime factors of 152962536?
2, 3, 193, 33023
List the prime factors of 202495846.
2, 7, 14463989
What are the prime factors of 142919921?
142919921
What are the prime factors of 17953349?
29, 233, 2657
List the prime factors of 469810140.
2, 3, 5, 7830169
What are the prime factors of 1234621570?
2, 5, 7, 13, 1356727
What are the prime factors of 999683?
999683
What are the prime factors of 1899086293?
13, 79, 103, 1381
What are the prime factors of 159695499?
3, 61, 677, 1289
What are the prime factors of 550663715?
5, 7, 163, 13789
What are the prime factors of 32309932?
2, 239, 33797
What are the prime factors of 630815948?
2, 7, 79, 285179
What are the prime factors of 337508433?
3, 41, 914657
What are the prime factors of 1184885?
5, 13, 18229
List the prime factors of 1134328.
2, 13, 839
List the prime factors of 71497167.
3, 7, 421, 8087
List the prime factors of 23030286.
2, 3, 3838381
What are the prime factors of 316090858?
2, 67, 2358887
What are the prime factors of 425417613?
3, 1471, 96401
What are the prime factors of 82439721?
3, 7, 13, 29, 89
What are the prime factors of 588766827?
3, 11, 73, 244403
What are the prime factors of 122869168?
2, 7679323
List the prime factors of 3252396437.
4637, 701401
List the prime factors of 227821240.
2, 5, 5695531
What are the prime factors of 418618592?
2, 7, 37, 53, 953
What are the prime factors of 277460800?
2, 5, 19, 9127
List the prime factors of 301132889.
1409, 213721
List the prime factors of 4848925052.
2, 193, 6280991
List the prime factors of 256830734.
2, 128415367
List the prime factors of 441983062.
2, 593, 372667
List the prime factors of 42244714.
2, 19, 1111703
List the prime factors of 2497112383.
43, 58072381
List the prime factors of 4721192.
2, 7, 84307
List the prime factors of 5697406951.
31, 183787321
List the prime factors of 229130920.
2, 5, 31, 257, 719
List the prime factors of 677734696.
2, 43, 971, 2029
List the prime factors of 25217509.
223, 113083
What are the prime factors of 2524674474?
2, 3, 7, 367, 18199
List the prime factors of 2329064634.
2, 3, 13, 17, 103, 17053
What are the prime factors of 121018480?
2, 5, 11, 113, 1217
List the prime factors of 42856695.
3, 5, 7, 5039
List the prime factors of 24741278.
2, 12370639
What are the prime factors of 33077737?
7, 11, 429581
What are the prime factors of 964600600?
2, 5, 4823003
What are the prime factors of 79347357?
3, 113, 8669
List the prime factors of 3828586231.
3828586231
What are the prime factors of 315117179?
13, 1201, 20183
List the prime factors of 9745458.
2, 3, 233, 6971
What are the prime factors of 613175151?
3, 204391717
What are the prime factors of 36539112?
2, 3, 1522463
What are the prime factors of 7225046?
2, 31, 116533
What are the prime factors of 118928114?
2, 293, 202949
What are the prime factors of 182735597?
11, 19, 157, 5569
What are the prime factors of 6496016500?
2, 5, 23, 564871
List the prime factors of 1649763268.
2, 412440817
What are the prime factors of 78582144?
2, 3, 204641
List the prime factors of 9093574361.
59, 154128379
What are the prime factors of 25997209?
7, 3713887
List the prime factors of 39471501.
3, 17, 773951
What are the prime factors of 3679296505?
5, 43, 181, 94547
What are the prime factors of 18288121?
18288121
List the prime factors of 5047172591.
5047172591
List the prime factors of 557342897.
569, 797, 1229
What are the prime factors of 1822767904?
2, 56961497
What are the prime factors of 1675142747?
29, 57763543
What are the prime factors of 325995049?
37, 347, 25391
List the prime factors of 226219433.
11, 20565403
What are the prime factors of 18726287?
18726287
What are the prime factors of 813992096?
2, 17, 1496309
What are the prime factors of 6480399480?
2, 3, 5, 47, 1149007
List the prime factors of 32235546.
2, 3, 7, 767513
What are the prime factors of 2813653829?
7, 401950547
What are the prime factors of 6702535296?
2, 3, 31, 73, 857
List the prime factors of 22366480.
2, 5, 79, 3539
What are the prime factors of 3391473681?
3, 163, 2311843
What are the prime factors of 8702092?
2, 7, 310789
List the prime factors of 831353844.
2, 3, 149, 464963
List the prime factors of 138642435.
3, 5, 53, 2153
List the prime factors of 78117190.
2, 5, 1759, 4441
List the prime factors of 192998172.
2, 3, 16083181
List the prime factors of 51609266.
2, 25804633
What are the prime factors of 2189816839?
7, 43, 1913, 3803
What are the prime factors of 2949483309?
3, 29, 1051, 32257
List the prime factors of 1174719927.
3, 47, 8331347
List the prime factors of 652499352.
2, 3, 9062491
List the prime factors of 131054470.
2, 5, 283, 46309
List the prime factors of 392459069.
392459069
What are the prime factors of 74113529?
7, 31, 97, 503
What are the prime factors of 59698270?
2, 5, 5969827
What are the prime factors of 1064286656?
2, 151, 110129
List the prime factors of 202812177.
3, 73,